{"id":102,"date":"2025-03-14T10:49:52","date_gmt":"2025-03-14T07:49:52","guid":{"rendered":"https:\/\/www.borkesici.com.tr\/?page_id=102"},"modified":"2025-03-26T13:35:11","modified_gmt":"2025-03-26T10:35:11","slug":"vizyon","status":"publish","type":"page","link":"https:\/\/www.borkesici.com.tr\/?page_id=102","title":{"rendered":"Vizyon"},"content":{"rendered":"<div class=\"wp-block-cover alignfull\" style=\"min-height:320px;aspect-ratio:unset;\"><span aria-hidden=\"true\" class=\"wp-block-cover__background has-nv-site-bg-background-color has-background-dim-100 has-background-dim\"><\/span><div class=\"wp-block-cover__inner-container is-layout-flow wp-block-cover-is-layout-flow\"><div class=\"wp-block-group\" style=\"padding-right:var(--wp--preset--spacing--30);padding-left:var(--wp--preset--spacing--30)\"><div class=\"wp-block-group__inner-container is-layout-flow wp-block-group-is-layout-flow\"><h1 class=\"wp-block-heading has-text-align-left has-neve-text-color-color has-text-color\">Vizyonumuz<\/h1><\/div><\/div><\/div><\/div><div class=\"wp-block-cover alignfull\" style=\"min-height:600px;aspect-ratio:unset;\"><span aria-hidden=\"true\" class=\"wp-block-cover__background has-nv-light-bg-background-color has-background-dim-100 has-background-dim\"><\/span><div class=\"wp-block-cover__inner-container is-layout-flow wp-block-cover-is-layout-flow\"><div class=\"wp-block-group\"><div class=\"wp-block-group__inner-container is-layout-flow wp-block-group-is-layout-flow\"><figure class=\"wp-block-image size-large is-resized is-style-rounded\"><img fetchpriority=\"high\" decoding=\"async\" width=\"1024\" height=\"388\" src=\"https:\/\/www.borkesici.com.tr\/wp-content\/uploads\/2025\/03\/vizyon-1024x388.jpg\" alt=\"\" class=\"wp-image-105\" style=\"width:1170px;height:auto\" srcset=\"https:\/\/www.borkesici.com.tr\/wp-content\/uploads\/2025\/03\/vizyon-1024x388.jpg 1024w, https:\/\/www.borkesici.com.tr\/wp-content\/uploads\/2025\/03\/vizyon-600x227.jpg 600w, https:\/\/www.borkesici.com.tr\/wp-content\/uploads\/2025\/03\/vizyon-300x114.jpg 300w, https:\/\/www.borkesici.com.tr\/wp-content\/uploads\/2025\/03\/vizyon-768x291.jpg 768w, https:\/\/www.borkesici.com.tr\/wp-content\/uploads\/2025\/03\/vizyon-1536x582.jpg 1536w, https:\/\/www.borkesici.com.tr\/wp-content\/uploads\/2025\/03\/vizyon.jpg 1574w\" sizes=\"(max-width: 1024px) 100vw, 1024px\" \/><\/figure>\n\n<div style=\"height:80px\" aria-hidden=\"true\" class=\"wp-block-spacer\"><\/div>\n\n<div class=\"wp-block-columns are-vertically-aligned-center has-neve-text-color-color has-text-color is-layout-flex wp-container-core-columns-is-layout-9d6595d7 wp-block-columns-is-layout-flex\"><div class=\"wp-block-column is-vertically-aligned-center is-layout-flow wp-block-column-is-layout-flow\" style=\"padding-top:0;padding-right:var(--wp--preset--spacing--30);padding-bottom:0;padding-left:var(--wp--preset--spacing--30);flex-basis:100%\"><p class=\"has-neve-text-color-color has-text-color\">BOR KES\u0130C\u0130 Tak\u0131m olarak, tala\u015fl\u0131 imalat sekt\u00f6r\u00fcnde yenilik\u00e7i, g\u00fcvenilir ve y\u00fcksek performansl\u0131 kesici tak\u0131mlar \u00fcreterek k\u00fcresel \u00f6l\u00e7ekte rekabet\u00e7i bir marka olmay\u0131 hedefliyoruz. S\u00fcrekli geli\u015fim ve ileri teknolojiye odaklanarak, m\u00fc\u015fterilerimize en verimli \u00e7\u00f6z\u00fcmleri sunmay\u0131, \u00fcretim s\u00fcre\u00e7lerini optimize etmeyi ve end\u00fcstriyel verimlili\u011fi art\u0131rmay\u0131 ama\u00e7l\u0131yoruz.<\/p>\n\n<p>Teknoloji ve Ar-Ge \u00e7al\u0131\u015fmalar\u0131n\u0131 i\u015f s\u00fcre\u00e7lerimizin merkezine alarak, sekt\u00f6re y\u00f6n veren \u00e7\u00f6z\u00fcmler geli\u015ftirmeyi ve m\u00fc\u015fterilerimizin \u00fcretim s\u00fcre\u00e7lerine katma de\u011fer sa\u011flamay\u0131 hedefliyoruz. Yenilik\u00e7i bak\u0131\u015f a\u00e7\u0131m\u0131zla, modern \u00fcretim tekniklerini ve y\u00fcksek kaliteli malzemeleri bir araya getirerek, kesici tak\u0131m sekt\u00f6r\u00fcnde fark yaratan bir marka olmay\u0131 s\u00fcrd\u00fcrece\u011fiz.<\/p>\n\n<p class=\"has-neve-text-color-color has-text-color\">Kalite, s\u00fcrd\u00fcr\u00fclebilirlik ve m\u00fc\u015fteri memnuniyetini temel prensiplerimiz olarak benimseyerek, gelece\u011fin \u00fcretim teknolojilerine y\u00f6n veren, g\u00fcvenilir ve tercih edilen bir i\u015f orta\u011f\u0131 olma vizyonumuzla&nbsp;ilerliyoruz.<\/p>\n\n<p class=\"has-neve-text-color-color has-text-color\"><\/p>\n\n<p class=\"has-neve-text-color-color has-text-color\"><\/p><\/div><\/div>\n\n<div style=\"height:40px\" aria-hidden=\"true\" class=\"wp-block-spacer\"><\/div><\/div><\/div><\/div><\/div><p><\/p>","protected":false},"excerpt":{"rendered":"","protected":false},"author":1,"featured_media":90,"parent":0,"menu_order":0,"comment_status":"closed","ping_status":"closed","template":"","meta":{"neve_meta_sidebar":"","neve_meta_container":"","neve_meta_enable_content_width":"on","neve_meta_content_width":100,"neve_meta_title_alignment":"","neve_meta_author_avatar":"","neve_post_elements_order":"","neve_meta_disable_header":"","neve_meta_disable_footer":"","neve_meta_disable_title":"on","footnotes":""},"class_list":["post-102","page","type-page","status-publish","has-post-thumbnail","hentry"],"_links":{"self":[{"href":"https:\/\/www.borkesici.com.tr\/index.php?rest_route=\/wp\/v2\/pages\/102","targetHints":{"allow":["GET"]}}],"collection":[{"href":"https:\/\/www.borkesici.com.tr\/index.php?rest_route=\/wp\/v2\/pages"}],"about":[{"href":"https:\/\/www.borkesici.com.tr\/index.php?rest_route=\/wp\/v2\/types\/page"}],"author":[{"embeddable":true,"href":"https:\/\/www.borkesici.com.tr\/index.php?rest_route=\/wp\/v2\/users\/1"}],"replies":[{"embeddable":true,"href":"https:\/\/www.borkesici.com.tr\/index.php?rest_route=%2Fwp%2Fv2%2Fcomments&post=102"}],"version-history":[{"count":1,"href":"https:\/\/www.borkesici.com.tr\/index.php?rest_route=\/wp\/v2\/pages\/102\/revisions"}],"predecessor-version":[{"id":739,"href":"https:\/\/www.borkesici.com.tr\/index.php?rest_route=\/wp\/v2\/pages\/102\/revisions\/739"}],"wp:featuredmedia":[{"embeddable":true,"href":"https:\/\/www.borkesici.com.tr\/index.php?rest_route=\/wp\/v2\/media\/90"}],"wp:attachment":[{"href":"https:\/\/www.borkesici.com.tr\/index.php?rest_route=%2Fwp%2Fv2%2Fmedia&parent=102"}],"curies":[{"name":"wp","href":"https:\/\/api.w.org\/{rel}","templated":true}]}}